{"id":1476,"date":"2019-07-06T13:15:26","date_gmt":"2019-07-06T12:15:26","guid":{"rendered":"http:\/\/carthage-tech.net\/demo\/orangers\/?page_id=2"},"modified":"2024-10-31T14:16:30","modified_gmt":"2024-10-31T14:16:30","slug":"sample-page-2","status":"publish","type":"page","link":"https:\/\/hotellesorangers.com\/","title":{"rendered":"Accueil"},"content":{"rendered":"<div class=\"wpb-content-wrapper\"><p>[vc_row][vc_column]<div class=\"cz_eqh cz_content_box_parent_fx  \"><div id=\"cz_104575\" class=\"cz_104575 cz_content_box clr\"><div class=\"cz_box_front clr\"><div class=\"cz_box_front_inner clr \"><span><\/span><div><div id=\"cz_73476\" class=\"cz_73476 cz_cf7 clr\"><div>\n<div class=\"wpcf7 no-js\" id=\"wpcf7-f431-o1\" lang=\"en-US\" dir=\"ltr\">\n<div class=\"screen-reader-response\"><p role=\"status\" aria-live=\"polite\" aria-atomic=\"true\"><\/p> <ul><\/ul><\/div>\n<form action=\"\/index.php?rest_route=%2Fwp%2Fv2%2Fpages%2F1476#wpcf7-f431-o1\" method=\"post\" class=\"wpcf7-form init\" aria-label=\"Contact form\" novalidate=\"novalidate\" data-status=\"init\">\n<div style=\"display: none;\">\n<input type=\"hidden\" name=\"_wpcf7\" value=\"431\" \/>\n<input type=\"hidden\" name=\"_wpcf7_version\" value=\"5.9.8\" \/>\n<input type=\"hidden\" name=\"_wpcf7_locale\" value=\"en_US\" \/>\n<input type=\"hidden\" name=\"_wpcf7_unit_tag\" value=\"wpcf7-f431-o1\" \/>\n<input type=\"hidden\" name=\"_wpcf7_container_post\" value=\"0\" \/>\n<input type=\"hidden\" name=\"_wpcf7_posted_data_hash\" value=\"\" \/>\n<input type=\"hidden\" name=\"_wpcf7_recaptcha_response\" value=\"\" \/>\n<\/div>\n<p><label>Votre Email<\/label><span class=\"wpcf7-form-control-wrap\" data-name=\"your-email\"><input size=\"40\" maxlength=\"400\" class=\"wpcf7-form-control wpcf7-email wpcf7-validates-as-required wpcf7-text wpcf7-validates-as-email\" aria-required=\"true\" aria-invalid=\"false\" placeholder=\"Adresse Email ...\" value=\"\" type=\"email\" name=\"your-email\" \/><\/span>\n<\/p>\n<p><label>Arriv\u00e9e<\/label><span class=\"wpcf7-form-control-wrap\" data-name=\"date-752\"><input class=\"wpcf7-form-control wpcf7-date wpcf7-validates-as-required wpcf7-validates-as-date\" aria-required=\"true\" aria-invalid=\"false\" value=\"\" type=\"date\" name=\"date-752\" \/><\/span>\n<\/p>\n<p><label>D\u00e9part<\/label><span class=\"wpcf7-form-control-wrap\" data-name=\"date-753\"><input class=\"wpcf7-form-control wpcf7-date wpcf7-validates-as-required wpcf7-validates-as-date\" aria-required=\"true\" aria-invalid=\"false\" value=\"\" type=\"date\" name=\"date-753\" \/><\/span>\n<\/p>\n<p><label>Adultes<\/label><span class=\"wpcf7-form-control-wrap\" data-name=\"menu-986\"><select class=\"wpcf7-form-control wpcf7-select wpcf7-validates-as-required\" aria-required=\"true\" aria-invalid=\"false\" name=\"menu-986\"><option value=\"1\">1<\/option><option value=\"2\">2<\/option><option value=\"3\">3<\/option><option value=\"4\">4<\/option><\/select><\/span>\n<\/p>\n<p><label>Enfants<\/label><span class=\"wpcf7-form-control-wrap\" data-name=\"menu-987\"><select class=\"wpcf7-form-control wpcf7-select\" aria-invalid=\"false\" name=\"menu-987\"><option value=\"0\">0<\/option><option value=\"1\">1<\/option><option value=\"2\">2<\/option><option value=\"3\">3<\/option><option value=\"4\">4<\/option><\/select><\/span>\n<\/p>\n<p><input class=\"wpcf7-form-control wpcf7-submit has-spinner\" type=\"submit\" value=\"R\u00e9server\" \/>\n<\/p><div class=\"wpcf7-response-output\" aria-hidden=\"true\"><\/div>\n<\/form>\n<\/div>\n<\/div><\/div><\/div><\/div><\/div><\/div><\/div>[\/vc_column][\/vc_row][vc_row][vc_column]<div class=\"cz_gap clr \" style=\"height: 50px\"><\/div>[\/vc_column][\/vc_row][vc_row][vc_column width=\u00a0\u00bb1\/2&Prime;][vc_column_text]Alliant luxe, confort et raffinement, l\u2019h\u00f4tel Les Orangers est une escale exceptionnelle. Il a \u00e9t\u00e9 con\u00e7u comme une r\u00e9sidence priv\u00e9e, un \u00ab palais \u00bb miniature o\u00f9 l\u2019on cultive la bonne vie .. Dans une ambiance exceptionnelle de convivialit\u00e9, un rendez-vous parfait avec \u00e9l\u00e9gance raffin\u00e9e en plein centre de la ville de Chlef.<br \/>\nL\u2019h\u00f4tel est situ\u00e9 au nord du centre-ville de Chlef, \u00e0 proximit\u00e9 de l\u2019axe centrale o\u00f9 vous pouvez facilement acc\u00e9der \u00e0 diff\u00e9rents emplacements de la ville; \u00e0 quelques minutes des administrations et des banques ..<br \/>\nL\u2019h\u00f4tel se trouve \u00e0 10mn de l\u2019a\u00e9roport Aboubakr Belkaid et \u00e0 5mn \u00e0 pied de la gare de Chlef..[\/vc_column_text][\/vc_column][vc_column width=\u00a0\u00bb1\/2&Prime;]<div id=\"cz_44409\" class=\"cz_44409 cz_image clr cz_image_no_fx center_on_mobile\"><div class=\"\" ><div class=\"cz_image_in\"><div class=\"cz_main_image\"><img decoding=\"async\" width=\"1920\" height=\"1282\" src=\"https:\/\/hotellesorangers.com\/wp-content\/uploads\/2019\/09\/facade.jpg\" class=\"attachment-full\" alt=\"\" title=\"fa\u00e7ade\" srcset=\"https:\/\/hotellesorangers.com\/wp-content\/uploads\/2019\/09\/facade.jpg 1920w, https:\/\/hotellesorangers.com\/wp-content\/uploads\/2019\/09\/facade-300x200.jpg 300w, https:\/\/hotellesorangers.com\/wp-content\/uploads\/2019\/09\/facade-1024x684.jpg 1024w, https:\/\/hotellesorangers.com\/wp-content\/uploads\/2019\/09\/facade-768x513.jpg 768w, https:\/\/hotellesorangers.com\/wp-content\/uploads\/2019\/09\/facade-1536x1026.jpg 1536w, https:\/\/hotellesorangers.com\/wp-content\/uploads\/2019\/09\/facade-600x401.jpg 600w\" sizes=\"(max-width: 1920px) 100vw, 1920px\" \/><\/div><\/div><\/div><\/div>[\/vc_column][\/vc_row][vc_row][vc_column]<div class=\"cz_gap clr \" style=\"height: 80px\"><\/div>[\/vc_column][\/vc_row][vc_row][vc_column]<div id=\"cz_87472\" class=\"cz_87472 cz_title clr cz_title_pos_inline tac\"><div class=\"cz_title_shape shape_text cz_shape_1\">NOS OFFRES<\/div><div class=\"cz_title_content\"><span class=\"cz_line_side_solo\">_<\/span><div class=\"cz_wpe_content\"><p style=\"text-align: center;\"><span style=\"font-family: Roboto; font-size: 36px; color: #000000; font-weight: 400;\">L\u2019EXP\u00c9RIENCE H\u00d4TEL LES ORANGERS<\/span><\/p>\n<\/div><span class=\"cz_line_side_solo cz_line_side_after\" style=\"left:1px\">_<\/span><\/div><\/div><div class=\"cz_gap clr \" style=\"height: 50px\"><\/div>[\/vc_column][\/vc_row][vc_row][vc_column width=\u00a0\u00bb1\/3&Prime;][vc_single_image image=\u00a0\u00bb1369&Prime; img_size=\u00a0\u00bblarge\u00a0\u00bb alignment=\u00a0\u00bbcenter\u00a0\u00bb style=\u00a0\u00bbvc_box_shadow_border\u00a0\u00bb onclick=\u00a0\u00bbcustom_link\u00a0\u00bb link=\u00a0\u00bb?page_id=1294&Prime;][vc_column_text]<\/p>\n<h3 style=\"text-align: center;\">HOSPITALIT\u00c9<\/h3>\n<p style=\"text-align: center;\">Toutes nos chambres ont fait l&rsquo;objet d&rsquo;une d\u00e9coration soign\u00e9e pour un s\u00e9jour reposant, la qualit\u00e9 de nos \u00e9quipements t\u00e9moigent de notre professionalisme.<\/p>\n<p>[\/vc_column_text][\/vc_column][vc_column width=\u00a0\u00bb1\/3&Prime;][vc_single_image image=\u00a0\u00bb1370&Prime; img_size=\u00a0\u00bblarge\u00a0\u00bb alignment=\u00a0\u00bbcenter\u00a0\u00bb style=\u00a0\u00bbvc_box_shadow_border\u00a0\u00bb onclick=\u00a0\u00bbcustom_link\u00a0\u00bb link=\u00a0\u00bb?page_id=1316&Prime;][vc_column_text]<\/p>\n<h3 style=\"text-align: center;\">ART CULINAIRE<\/h3>\n<p style=\"text-align: center;\">Le chef et son \u00e9quipe vous proposent une cuisine m\u00e9dit\u00e9rran\u00e9enne et traditionnelle autour de produits frais de saison.<\/p>\n<p>[\/vc_column_text][\/vc_column][vc_column width=\u00a0\u00bb1\/3&Prime;][vc_single_image image=\u00a0\u00bb1198&Prime; img_size=\u00a0\u00bblarge\u00a0\u00bb alignment=\u00a0\u00bbcenter\u00a0\u00bb style=\u00a0\u00bbvc_box_shadow_border\u00a0\u00bb][vc_column_text]<\/p>\n<h3 style=\"text-align: center;\">BIEN \u00caTRE<\/h3>\n<p style=\"text-align: center;\">Prenez soin de vous en \u00e9loignant toutes contrari\u00e9t\u00e9s et stress durant votre s\u00e9jour et profitez de nos espaces bien \u00eatre ouvert toute l&rsquo;ann\u00e9e.<\/p>\n<p>[\/vc_column_text][\/vc_column][\/vc_row][vc_row][vc_column width=\u00a0\u00bb2\/3&Prime;]<div id=\"cz_33458\" class=\"cz_33458 cz_title clr cz_title_pos_inline tac\"><div class=\"cz_title_shape shape_text cz_shape_1\">NOS SERVICES<\/div><div class=\"cz_title_content\"><span class=\"cz_line_side_solo\">_<\/span><div class=\"cz_wpe_content\"><p style=\"text-align: center;\"><span style=\"font-family: Roboto; font-size: 36px; color: #000000; font-weight: 400;\">LES COMMODIT\u00c9S<br \/>\n<\/span><\/p>\n<\/div><span class=\"cz_line_side_solo cz_line_side_after\" style=\"left:1px\">_<\/span><\/div><\/div><div class=\"cz_gap clr \" style=\"height: 50px\"><\/div>[vc_row_inner][vc_column_inner width=\u00a0\u00bb1\/4&Prime;]<div id=\"cz_37819\" class=\"cz_37819 services clr style11 cz_sbi_fx_0 services_b\"><div class=\"service_img\"><img decoding=\"async\" class=\"service-icon \" src=\"https:\/\/hotellesorangers.com\/wp-content\/uploads\/2019\/07\/wifi1-50x50.png\" width=\"50\" height=\"50\" alt=\"wifi(1)\" title=\"wifi(1)\" loading=\"lazy\" \/><\/div><div class=\"service_text\"><h3>WIFI Gratuit<\/h3><div class=\"cz_wpe_content\"><\/div><\/div><\/div>[\/vc_column_inner][vc_column_inner width=\u00a0\u00bb1\/4&Prime;]<div id=\"cz_76250\" class=\"cz_76250 services clr style11 cz_sbi_fx_0 services_b\"><div class=\"service_img\"><img decoding=\"async\" class=\"service-icon \" src=\"https:\/\/hotellesorangers.com\/wp-content\/uploads\/2019\/07\/television-50x50.png\" width=\"50\" height=\"50\" alt=\"television\" title=\"television\" loading=\"lazy\" \/><\/div><div class=\"service_text\"><h3>TV Satellite<\/h3><div class=\"cz_wpe_content\"><\/div><\/div><\/div>[\/vc_column_inner][vc_column_inner width=\u00a0\u00bb1\/4&Prime;]<div id=\"cz_50945\" class=\"cz_50945 services clr style11 cz_sbi_fx_0 services_b\"><div class=\"service_img\"><img decoding=\"async\" class=\"service-icon \" src=\"https:\/\/hotellesorangers.com\/wp-content\/uploads\/2019\/07\/cleaning-cart-50x50.png\" width=\"50\" height=\"50\" alt=\"cleaning-cart\" title=\"cleaning-cart\" loading=\"lazy\" \/><\/div><div class=\"service_text\"><h3>Service d'\u00e9tage<\/h3><div class=\"cz_wpe_content\"><\/div><\/div><\/div>[\/vc_column_inner][vc_column_inner width=\u00a0\u00bb1\/4&Prime;]<div id=\"cz_88009\" class=\"cz_88009 services clr style11 cz_sbi_fx_0 services_b\"><div class=\"service_img\"><img decoding=\"async\" class=\"service-icon \" src=\"https:\/\/hotellesorangers.com\/wp-content\/uploads\/2019\/07\/covered-food-tray-on-a-hand-of-hotel-room-service-50x50.png\" width=\"50\" height=\"50\" alt=\"covered-food-tray-on-a-hand-of-hotel-room-service\" title=\"covered-food-tray-on-a-hand-of-hotel-room-service\" loading=\"lazy\" \/><\/div><div class=\"service_text\"><h3>Service de chambre<\/h3><div class=\"cz_wpe_content\"><\/div><\/div><\/div>[\/vc_column_inner][\/vc_row_inner][vc_row_inner][vc_column_inner width=\u00a0\u00bb1\/4&Prime;]<div id=\"cz_89151\" class=\"cz_89151 services clr style11 cz_sbi_fx_0 services_b\"><div class=\"service_img\"><img decoding=\"async\" class=\"service-icon \" src=\"https:\/\/hotellesorangers.com\/wp-content\/uploads\/2019\/07\/buffet-50x50.png\" width=\"50\" height=\"50\" alt=\"buffet\" title=\"buffet\" loading=\"lazy\" \/><\/div><div class=\"service_text\"><h3>Buffet Open<\/h3><div class=\"cz_wpe_content\"><\/div><\/div><\/div>[\/vc_column_inner][vc_column_inner width=\u00a0\u00bb1\/4&Prime;]<div id=\"cz_50375\" class=\"cz_50375 services clr style11 cz_sbi_fx_0 services_b\"><div class=\"service_img\"><img decoding=\"async\" class=\"service-icon \" src=\"https:\/\/hotellesorangers.com\/wp-content\/uploads\/2019\/07\/coffee-cup-50x50.png\" width=\"50\" height=\"50\" alt=\"coffee-cup\" title=\"coffee-cup\" loading=\"lazy\" \/><\/div><div class=\"service_text\"><h3>Cafeteria &amp; Salon de Th\u00e9<\/h3><div class=\"cz_wpe_content\"><\/div><\/div><\/div>[\/vc_column_inner][vc_column_inner width=\u00a0\u00bb1\/4&Prime;]<div id=\"cz_85577\" class=\"cz_85577 services clr style11 cz_sbi_fx_0 services_b\"><div class=\"service_img\"><img decoding=\"async\" class=\"service-icon \" src=\"https:\/\/hotellesorangers.com\/wp-content\/uploads\/2019\/07\/cutlery-50x50.png\" width=\"50\" height=\"50\" alt=\"cutlery\" title=\"cutlery\" loading=\"lazy\" \/><\/div><div class=\"service_text\"><h3>Restaurant Gastronomique<\/h3><div class=\"cz_wpe_content\"><\/div><\/div><\/div>[\/vc_column_inner][vc_column_inner width=\u00a0\u00bb1\/4&Prime;]<div id=\"cz_35204\" class=\"cz_35204 services clr style11 cz_sbi_fx_0 services_b\"><div class=\"service_img\"><img decoding=\"async\" class=\"service-icon \" src=\"https:\/\/hotellesorangers.com\/wp-content\/uploads\/2019\/07\/conference-50x50.png\" width=\"50\" height=\"50\" alt=\"conference\" title=\"conference\" loading=\"lazy\" \/><\/div><div class=\"service_text\"><h3>Salle de Conf\u00e9rences<\/h3><div class=\"cz_wpe_content\"><\/div><\/div><\/div>[\/vc_column_inner][\/vc_row_inner][vc_row_inner][vc_column_inner width=\u00a0\u00bb1\/4&Prime;]<div id=\"cz_21722\" class=\"cz_21722 services clr style11 cz_sbi_fx_0 services_b\"><div class=\"service_img\"><img decoding=\"async\" class=\"service-icon \" src=\"https:\/\/hotellesorangers.com\/wp-content\/uploads\/2019\/07\/tent-50x50.png\" width=\"50\" height=\"50\" alt=\"tent\" title=\"tent\" loading=\"lazy\" \/><\/div><div class=\"service_text\"><h3>Salle des F\u00eates<\/h3><div class=\"cz_wpe_content\"><\/div><\/div><\/div>[\/vc_column_inner][vc_column_inner width=\u00a0\u00bb1\/4&Prime;]<div id=\"cz_15132\" class=\"cz_15132 services clr style11 cz_sbi_fx_0 services_b\"><div class=\"service_img\"><img decoding=\"async\" class=\"service-icon \" src=\"https:\/\/hotellesorangers.com\/wp-content\/uploads\/2019\/07\/treadmill-50x50.png\" width=\"50\" height=\"50\" alt=\"treadmill\" title=\"treadmill\" loading=\"lazy\" \/><\/div><div class=\"service_text\"><h3>Salle de Sport<\/h3><div class=\"cz_wpe_content\"><\/div><\/div><\/div>[\/vc_column_inner][vc_column_inner width=\u00a0\u00bb1\/4&Prime;]<div id=\"cz_90339\" class=\"cz_90339 services clr style11 cz_sbi_fx_0 services_b\"><div class=\"service_img\"><img decoding=\"async\" class=\"service-icon \" src=\"https:\/\/hotellesorangers.com\/wp-content\/uploads\/2019\/07\/laundry-50x50.png\" width=\"50\" height=\"50\" alt=\"laundry\" title=\"laundry\" loading=\"lazy\" \/><\/div><div class=\"service_text\"><h3>Laverie - Blanchisserie - Pressing<\/h3><div class=\"cz_wpe_content\"><\/div><\/div><\/div>[\/vc_column_inner][vc_column_inner width=\u00a0\u00bb1\/4&Prime;]<div id=\"cz_74501\" class=\"cz_74501 services clr style11 cz_sbi_fx_0 services_b\"><div class=\"service_img\"><img decoding=\"async\" class=\"service-icon \" src=\"https:\/\/hotellesorangers.com\/wp-content\/uploads\/2019\/07\/car-in-garage-50x50.png\" width=\"50\" height=\"50\" alt=\"car-in-garage\" title=\"car-in-garage\" loading=\"lazy\" \/><\/div><div class=\"service_text\"><h3>Parking Gard\u00e9<\/h3><div class=\"cz_wpe_content\"><\/div><\/div><\/div>[\/vc_column_inner][\/vc_row_inner][\/vc_column][vc_column width=\u00a0\u00bb1\/3&Prime;]<div id=\"cz_85523\" class=\"cz_85523 cz_title clr cz_title_pos_inline tac\"><div class=\"cz_title_content\"><span class=\"cz_line_side_solo\">_<\/span><div class=\"cz_wpe_content\"><p style=\"text-align: center;\"><span style=\"font-family: inherit; font-size: 38px;\"><span style=\"font-weight: 600; color: #ff6600;\">T\u00e9moignages<\/span><\/span><\/p>\n<\/div><span class=\"cz_line_side_solo cz_line_side_after\" style=\"left:1px\">_<\/span><\/div><\/div><div class=\"cz_gap clr \" style=\"height: 50px\"><\/div><div id=\"cz_12502\" class=\"cz_12502 slick arrows_mlr no_dots is_center\" data-slick='{\"selector\":\"\",\"slidesToShow\":1,\"slidesToScroll\":1,\"rows\":1,\"fade\":false,\"vertical\":false,\"verticalSwiping\":false,\"infinite\":true,\"speed\":1000,\"swipeToSlide\":true,\"centerMode\":true,\"centerPadding\":\"\",\"variableWidth\":false,\"autoplay\":true,\"autoplaySpeed\":4000,\"dots\":true,\"counts\":false,\"adaptiveHeight\":false,\"responsive\":[{\"breakpoint\":769,\"settings\":{\"slidesToShow\":2,\"slidesToScroll\":1,\"touchMove\":true}},{\"breakpoint\":481,\"settings\":{\"slidesToShow\":1,\"slidesToScroll\":1,\"touchMove\":true}}]}' data-slick-prev=\"fa fa-chevron-left\" data-slick-next=\"fa fa-chevron-right\"><div id=\"cz_106241\" class=\"cz_106241 cz_testimonials cz_testimonials_s1\"><div class=\"cz_testimonials_content\"><div class=\"cz_wpe_content\">J&rsquo;ai beaucoup aim\u00e9 l&rsquo;h\u00f4tel La propret\u00e9 La gentillesse des \u00e9quipes (r\u00e9ception,nettoyage,cuisine,accueil&#8230;)<\/div><\/div><div class=\"cz_testimonials_meta\"><div class=\"cz_testimonials_name_subname\"><div class=\"cz_testimonials_name\">Meri<\/div><div class=\"cz_testimonials_subname\">B\u00e9lgique<\/div><\/div><\/div><\/div><div id=\"cz_82976\" class=\"cz_82976 cz_testimonials cz_testimonials_s1\"><div class=\"cz_testimonials_content\"><div class=\"cz_wpe_content\">Chambre tr\u00e8s propre et spacieuse Personnel accueillant et disponible Magnifique restaurant Pasta Basta ainsi que son personnel<\/div><\/div><div class=\"cz_testimonials_meta\"><div class=\"cz_testimonials_name_subname\"><div class=\"cz_testimonials_name\">Salim<\/div><div class=\"cz_testimonials_subname\">Alg\u00e9rie<\/div><\/div><\/div><\/div><div id=\"cz_26595\" class=\"cz_26595 cz_testimonials cz_testimonials_s1\"><div class=\"cz_testimonials_content\"><div class=\"cz_wpe_content\">Le design de l&rsquo;h\u00f4tel , le confort , personnel tr\u00e8s gentille et professionnel<\/div><\/div><div class=\"cz_testimonials_meta\"><div class=\"cz_testimonials_name_subname\"><div class=\"cz_testimonials_name\">Benoit<\/div><div class=\"cz_testimonials_subname\">France<\/div><\/div><\/div><\/div><\/div><div><\/div>[\/vc_column][\/vc_row]<\/p>\n<\/div>","protected":false},"excerpt":{"rendered":"<p>[vc_row][vc_column][\/vc_column][\/vc_row][vc_row][vc_column][\/vc_column][\/vc_row][vc_row][vc_column width=\u00a0\u00bb1\/2&Prime;][vc_column_text]Alliant luxe, confort et raffinement, l\u2019h\u00f4tel Les Orangers est une &#8230; <\/p>\n","protected":false},"author":1,"featured_media":0,"parent":0,"menu_order":0,"comment_status":"closed","ping_status":"open","template":"","meta":{"footnotes":""},"class_list":["post-1476","page","type-page","status-publish","hentry"],"_links":{"self":[{"href":"https:\/\/hotellesorangers.com\/index.php?rest_route=\/wp\/v2\/pages\/1476","targetHints":{"allow":["GET"]}}],"collection":[{"href":"https:\/\/hotellesorangers.com\/index.php?rest_route=\/wp\/v2\/pages"}],"about":[{"href":"https:\/\/hotellesorangers.com\/index.php?rest_route=\/wp\/v2\/types\/page"}],"author":[{"embeddable":true,"href":"https:\/\/hotellesorangers.com\/index.php?rest_route=\/wp\/v2\/users\/1"}],"replies":[{"embeddable":true,"href":"https:\/\/hotellesorangers.com\/index.php?rest_route=%2Fwp%2Fv2%2Fcomments&post=1476"}],"version-history":[{"count":1,"href":"https:\/\/hotellesorangers.com\/index.php?rest_route=\/wp\/v2\/pages\/1476\/revisions"}],"predecessor-version":[{"id":1722,"href":"https:\/\/hotellesorangers.com\/index.php?rest_route=\/wp\/v2\/pages\/1476\/revisions\/1722"}],"wp:attachment":[{"href":"https:\/\/hotellesorangers.com\/index.php?rest_route=%2Fwp%2Fv2%2Fmedia&parent=1476"}],"curies":[{"name":"wp","href":"https:\/\/api.w.org\/{rel}","templated":true}]}}