{"id":1316,"date":"2019-07-23T12:47:48","date_gmt":"2019-07-23T11:47:48","guid":{"rendered":"http:\/\/carthage-tech.net\/demo\/orangers\/?page_id=1316"},"modified":"2019-07-23T12:47:48","modified_gmt":"2019-07-23T11:47:48","slug":"restauration","status":"publish","type":"page","link":"https:\/\/hotellesorangers.com\/?page_id=1316","title":{"rendered":"Restauration"},"content":{"rendered":"<div class=\"wpb-content-wrapper\"><p>[vc_row][vc_column]<div id=\"cz_96041\" class=\"cz_96041 cz_title clr cz_title_pos_inline tac\"><div class=\"cz_title_shape shape_text cz_shape_1\">RESTAURATION<\/div><div class=\"cz_title_content\"><div class=\"cz_wpe_content\"><h3 style=\"text-align: center\"><span style=\"font-size: 46px\">Restauration <span style=\"color: #ff6600\">&amp; D\u00e9tente<\/span><\/span><\/h3>\n<\/div><\/div><\/div>[\/vc_column][\/vc_row][vc_row][vc_column width=\u00a0\u00bb1\/6&Prime;][\/vc_column][vc_column width=\u00a0\u00bb4\/6&Prime;]<div class=\"cz_gap clr  hide_on_tablet hide_on_mobile\" style=\"height: 60px\"><\/div><div class=\"cz_gap show_on_tablet clr  show_only_tablet\" style=\"height: 40px\"><\/div><div class=\"cz_gap show_on_mobile clr\" style=\"height: 30px\"><\/div>[vc_column_text]<span style=\"color: #4a4a4a;font-size: 18px\">Nos chefs vous attendent avec impatience pour une reprise plac\u00e9e sous le signe de la gastronomie et de la gourmandise au restauration \u00ab\u00a0Castra Nova\u00a0\u00bb. <\/span><br \/>\n<span style=\"font-size: 18px\"><span style=\"color: #4a4a4a\">Profitez \u00e0 nouveau de nos petits-d\u00e9jeuners \u00e0 table : viennoiseries, boissons chaudes, jus de fruits frais, charcuterie et fromage, faites-vous plaisir gr\u00e2ce \u00e0 un large choix de d\u00e9licieux produits locaux au \u00ab\u00a0<span style=\"font-size: large\">Orl\u00e9ans Caf\u00e9<\/span>\u00ab\u00a0.<br \/>\n<\/span><\/span>[\/vc_column_text][\/vc_column][vc_column width=\u00a0\u00bb1\/6&Prime;][\/vc_column][\/vc_row][vc_row][vc_column][vc_separator style=\u00a0\u00bbshadow\u00a0\u00bb border_width=\u00a0\u00bb2&Prime; css=\u00a0\u00bb.vc_custom_1540297530438{padding-top: 40px !important;padding-bottom: 20px !important;}\u00a0\u00bb][\/vc_column][\/vc_row][vc_row][vc_column width=\u00a0\u00bb1\/2&Prime;]<div id=\"cz_85583\" class=\"cz_grid_p cz_85583\"><div class=\"cz_grid cz_grid_1 clr cz_masonry cz_grid_c3 cz_grid_1_no_title cz_grid_1_mid tac\"><div class=\"cz_grid_item cz_grid_first\"><\/div><div class=\"cz_grid_item \"><div><a class=\"cz_grid_link \" href=\"https:\/\/hotellesorangers.com\/wp-content\/uploads\/2019\/09\/DSC_2454.resized.jpg\" data-xtra-lightbox><img decoding=\"async\" width=\"539\" height=\"815\" src=\"https:\/\/hotellesorangers.com\/wp-content\/uploads\/2019\/09\/DSC_2454.resized.jpg\" class=\"attachment-codevz_600_9999\" alt=\"\" title=\"DSC_2454.resized\" srcset=\"https:\/\/hotellesorangers.com\/wp-content\/uploads\/2019\/09\/DSC_2454.resized.jpg 539w, https:\/\/hotellesorangers.com\/wp-content\/uploads\/2019\/09\/DSC_2454.resized-198x300.jpg 198w\" sizes=\"(max-width: 539px) 100vw, 539px\" \/><div class=\"cz_grid_details\"><i class=\"fa fa-search cz_grid_icon\"><\/i><\/div><\/a><\/div><\/div><div class=\"cz_grid_item \"><div><a class=\"cz_grid_link \" href=\"https:\/\/hotellesorangers.com\/wp-content\/uploads\/2019\/09\/DSC_2447.resized.jpg\" data-xtra-lightbox><img decoding=\"async\" width=\"600\" height=\"397\" src=\"https:\/\/hotellesorangers.com\/wp-content\/uploads\/2019\/09\/DSC_2447.resized-600x397.jpg\" class=\"attachment-codevz_600_9999\" alt=\"\" title=\"DSC_2447.resized\" srcset=\"https:\/\/hotellesorangers.com\/wp-content\/uploads\/2019\/09\/DSC_2447.resized-600x397.jpg 600w, https:\/\/hotellesorangers.com\/wp-content\/uploads\/2019\/09\/DSC_2447.resized-300x198.jpg 300w, https:\/\/hotellesorangers.com\/wp-content\/uploads\/2019\/09\/DSC_2447.resized-768x508.jpg 768w, https:\/\/hotellesorangers.com\/wp-content\/uploads\/2019\/09\/DSC_2447.resized.jpg 815w\" sizes=\"(max-width: 600px) 100vw, 600px\" \/><div class=\"cz_grid_details\"><i class=\"fa fa-search cz_grid_icon\"><\/i><\/div><\/a><\/div><\/div><div class=\"cz_grid_item \"><div><a class=\"cz_grid_link \" href=\"https:\/\/hotellesorangers.com\/wp-content\/uploads\/2019\/09\/DSC_2398.resized.jpg\" data-xtra-lightbox><img decoding=\"async\" width=\"539\" height=\"815\" src=\"https:\/\/hotellesorangers.com\/wp-content\/uploads\/2019\/09\/DSC_2398.resized.jpg\" class=\"attachment-codevz_600_9999\" alt=\"\" title=\"DSC_2398.resized\" srcset=\"https:\/\/hotellesorangers.com\/wp-content\/uploads\/2019\/09\/DSC_2398.resized.jpg 539w, https:\/\/hotellesorangers.com\/wp-content\/uploads\/2019\/09\/DSC_2398.resized-198x300.jpg 198w\" sizes=\"(max-width: 539px) 100vw, 539px\" \/><div class=\"cz_grid_details\"><i class=\"fa fa-search cz_grid_icon\"><\/i><\/div><\/a><\/div><\/div><div class=\"cz_grid_item \"><div><a class=\"cz_grid_link \" href=\"https:\/\/hotellesorangers.com\/wp-content\/uploads\/2019\/09\/DSC_2416.resized.jpg\" data-xtra-lightbox><img decoding=\"async\" width=\"539\" height=\"815\" src=\"https:\/\/hotellesorangers.com\/wp-content\/uploads\/2019\/09\/DSC_2416.resized.jpg\" class=\"attachment-codevz_600_9999\" alt=\"\" title=\"DSC_2416.resized\" srcset=\"https:\/\/hotellesorangers.com\/wp-content\/uploads\/2019\/09\/DSC_2416.resized.jpg 539w, https:\/\/hotellesorangers.com\/wp-content\/uploads\/2019\/09\/DSC_2416.resized-198x300.jpg 198w\" sizes=\"(max-width: 539px) 100vw, 539px\" \/><div class=\"cz_grid_details\"><i class=\"fa fa-search cz_grid_icon\"><\/i><\/div><\/a><\/div><\/div><div class=\"cz_grid_item \"><div><a class=\"cz_grid_link \" href=\"https:\/\/hotellesorangers.com\/wp-content\/uploads\/2019\/09\/DSC_2428.resized.jpg\" data-xtra-lightbox><img decoding=\"async\" width=\"600\" height=\"397\" src=\"https:\/\/hotellesorangers.com\/wp-content\/uploads\/2019\/09\/DSC_2428.resized-600x397.jpg\" class=\"attachment-codevz_600_9999\" alt=\"\" title=\"DSC_2428.resized\" srcset=\"https:\/\/hotellesorangers.com\/wp-content\/uploads\/2019\/09\/DSC_2428.resized-600x397.jpg 600w, https:\/\/hotellesorangers.com\/wp-content\/uploads\/2019\/09\/DSC_2428.resized-300x198.jpg 300w, https:\/\/hotellesorangers.com\/wp-content\/uploads\/2019\/09\/DSC_2428.resized-768x508.jpg 768w, https:\/\/hotellesorangers.com\/wp-content\/uploads\/2019\/09\/DSC_2428.resized.jpg 815w\" sizes=\"(max-width: 600px) 100vw, 600px\" \/><div class=\"cz_grid_details\"><i class=\"fa fa-search cz_grid_icon\"><\/i><\/div><\/a><\/div><\/div><div class=\"cz_grid_item \"><div><a class=\"cz_grid_link \" href=\"https:\/\/hotellesorangers.com\/wp-content\/uploads\/2019\/09\/DSC_2456.resized.jpg\" data-xtra-lightbox><img decoding=\"async\" width=\"600\" height=\"397\" src=\"https:\/\/hotellesorangers.com\/wp-content\/uploads\/2019\/09\/DSC_2456.resized-600x397.jpg\" class=\"attachment-codevz_600_9999\" alt=\"\" title=\"DSC_2456.resized\" srcset=\"https:\/\/hotellesorangers.com\/wp-content\/uploads\/2019\/09\/DSC_2456.resized-600x397.jpg 600w, https:\/\/hotellesorangers.com\/wp-content\/uploads\/2019\/09\/DSC_2456.resized-300x198.jpg 300w, https:\/\/hotellesorangers.com\/wp-content\/uploads\/2019\/09\/DSC_2456.resized-768x508.jpg 768w, https:\/\/hotellesorangers.com\/wp-content\/uploads\/2019\/09\/DSC_2456.resized.jpg 815w\" sizes=\"(max-width: 600px) 100vw, 600px\" \/><div class=\"cz_grid_details\"><i class=\"fa fa-search cz_grid_icon\"><\/i><\/div><\/a><\/div><\/div><\/div><\/div>[\/vc_column][vc_column width=\u00a0\u00bb1\/2&Prime;]<div id=\"cz_90038\" class=\"cz_90038 cz_title clr cz_title_ba_line cz_title_pos_inline\"><div class=\"cz_title_content\"><div class=\"cz_wpe_content\"><p><span style=\"font-size: 42px;font-family: Montserrat;color: #ff6600\"><span style=\"font-weight: 200\">CASA<\/span> <span style=\"font-weight: 500\">NOVA<\/span><\/span><\/p>\n<\/div><div class=\"cz_title_line cz_line_after_title\"><span>_<\/span><\/div><\/div><\/div>[vc_column_text css=\u00a0\u00bb.vc_custom_1563881640673{padding-top: 20px !important;}\u00a0\u00bb]Ouvert du petit-d\u00e9jeuner \u00e0 l\u2019heure du d\u00eener, le restaurant est un espace lumineux, id\u00e9al pour partager un repas d\u2019affaires ou un moment gastronomique entre amis.<br \/>\nC&rsquo;est le lieu id\u00e9al pour un d\u00e9jeuner d&rsquo;affaires. Vous y d\u00e9gusterez, dans un cadre agr\u00e9able, vos petits d\u00e9jeuners et vos d\u00e9jeuners en buffet riche et vari\u00e9, fort appr\u00e9ci\u00e9 par notre fid\u00e8le client\u00e8le.<br \/>\nLe restaurant vous propose chaque jour un magnifique buffet compos\u00e9 de diff\u00e9rents plats raffin\u00e9s inspir\u00e9s par la M\u00e9diterran\u00e9e renforc\u00e9e par une touche typiquement alg\u00e9rienne. Il vous propose des menus de saison \u00e9labor\u00e9s tous \u00e0 partir de produits frais.[\/vc_column_text][\/vc_column][\/vc_row][vc_row css=\u00a0\u00bb.vc_custom_1549388480909{margin-top: 40px !important;}\u00a0\u00bb][vc_column width=\u00a0\u00bb1\/2&Prime;]<div id=\"cz_51031\" class=\"cz_51031 cz_title clr cz_title_ba_line cz_title_pos_inline\"><div class=\"cz_title_content\"><div class=\"cz_wpe_content\"><p><span style=\"font-size: 42px;font-family: Montserrat;color: #ff6600\"><span style=\"font-weight: 200\">Orl\u00e9ans<\/span> <span style=\"font-weight: 500\">Caf\u00e9<\/span><\/span><\/p>\n<\/div><div class=\"cz_title_line cz_line_after_title\"><span>_<\/span><\/div><\/div><\/div>[vc_column_text css=\u00a0\u00bb.vc_custom_1563882440963{padding-top: 20px !important;}\u00a0\u00bb]Le \u00ab\u00a0Orl\u00e9ans Caf\u00e9\u00a0\u00bb est l\u2019endroit o\u00f9 vous pourriez vous r\u00e9fugier pour un moment de d\u00e9tente apr\u00e8s une journ\u00e9e de dur labeur. Vous pourriez \u00e9galement y organiserez vos rendez-vous d&rsquo;affaires.<br \/>\nLe caf\u00e9 est situ\u00e9 juste \u00e0 c\u00f4t\u00e9 de la r\u00e9ception. C&rsquo;est l\u2019adresse id\u00e9ale pour prendre un petit d\u00e9jeuner rapide ou \u00e0 emporter. Nous vous proposons une multitude de choix parmi nos caf\u00e9s, p\u00e2tisseries, viennoiseries et friandises.[\/vc_column_text][\/vc_column][vc_column width=\u00a0\u00bb1\/2&Prime;]<div id=\"cz_44433\" class=\"cz_grid_p cz_44433\"><div class=\"cz_grid cz_grid_1 clr cz_masonry cz_grid_c4 cz_grid_1_no_title cz_grid_1_mid tac\"><div class=\"cz_grid_item cz_grid_first\"><\/div><div class=\"cz_grid_item \"><div><a class=\"cz_grid_link \" href=\"https:\/\/hotellesorangers.com\/wp-content\/uploads\/2019\/09\/DSC_2252.resized.jpg\" data-xtra-lightbox><img decoding=\"async\" width=\"600\" height=\"401\" src=\"https:\/\/hotellesorangers.com\/wp-content\/uploads\/2019\/09\/DSC_2252.resized-600x401.jpg\" class=\"attachment-codevz_600_9999\" alt=\"\" title=\"DSC_2252.resized\" srcset=\"https:\/\/hotellesorangers.com\/wp-content\/uploads\/2019\/09\/DSC_2252.resized-600x401.jpg 600w, https:\/\/hotellesorangers.com\/wp-content\/uploads\/2019\/09\/DSC_2252.resized-300x200.jpg 300w, https:\/\/hotellesorangers.com\/wp-content\/uploads\/2019\/09\/DSC_2252.resized-1024x684.jpg 1024w, https:\/\/hotellesorangers.com\/wp-content\/uploads\/2019\/09\/DSC_2252.resized-768x513.jpg 768w, https:\/\/hotellesorangers.com\/wp-content\/uploads\/2019\/09\/DSC_2252.resized-1536x1025.jpg 1536w, https:\/\/hotellesorangers.com\/wp-content\/uploads\/2019\/09\/DSC_2252.resized.jpg 1805w\" sizes=\"(max-width: 600px) 100vw, 600px\" \/><div class=\"cz_grid_details\"><i class=\"fa fa-search cz_grid_icon\"><\/i><\/div><\/a><\/div><\/div><div class=\"cz_grid_item \"><div><a class=\"cz_grid_link \" href=\"https:\/\/hotellesorangers.com\/wp-content\/uploads\/2019\/09\/DSC_2254.resized.jpg\" data-xtra-lightbox><img decoding=\"async\" width=\"600\" height=\"401\" src=\"https:\/\/hotellesorangers.com\/wp-content\/uploads\/2019\/09\/DSC_2254.resized-600x401.jpg\" class=\"attachment-codevz_600_9999\" alt=\"\" title=\"DSC_2254.resized\" srcset=\"https:\/\/hotellesorangers.com\/wp-content\/uploads\/2019\/09\/DSC_2254.resized-600x401.jpg 600w, https:\/\/hotellesorangers.com\/wp-content\/uploads\/2019\/09\/DSC_2254.resized-300x200.jpg 300w, https:\/\/hotellesorangers.com\/wp-content\/uploads\/2019\/09\/DSC_2254.resized-1024x684.jpg 1024w, https:\/\/hotellesorangers.com\/wp-content\/uploads\/2019\/09\/DSC_2254.resized-768x513.jpg 768w, https:\/\/hotellesorangers.com\/wp-content\/uploads\/2019\/09\/DSC_2254.resized-1536x1025.jpg 1536w, https:\/\/hotellesorangers.com\/wp-content\/uploads\/2019\/09\/DSC_2254.resized.jpg 1805w\" sizes=\"(max-width: 600px) 100vw, 600px\" \/><div class=\"cz_grid_details\"><i class=\"fa fa-search cz_grid_icon\"><\/i><\/div><\/a><\/div><\/div><div class=\"cz_grid_item \"><div><a class=\"cz_grid_link \" href=\"https:\/\/hotellesorangers.com\/wp-content\/uploads\/2019\/09\/DSC_2255.resized.jpg\" data-xtra-lightbox><img decoding=\"async\" width=\"600\" height=\"899\" src=\"https:\/\/hotellesorangers.com\/wp-content\/uploads\/2019\/09\/DSC_2255.resized-600x899.jpg\" class=\"attachment-codevz_600_9999\" alt=\"\" title=\"DSC_2255.resized\" srcset=\"https:\/\/hotellesorangers.com\/wp-content\/uploads\/2019\/09\/DSC_2255.resized-600x899.jpg 600w, https:\/\/hotellesorangers.com\/wp-content\/uploads\/2019\/09\/DSC_2255.resized-200x300.jpg 200w, https:\/\/hotellesorangers.com\/wp-content\/uploads\/2019\/09\/DSC_2255.resized-684x1024.jpg 684w, https:\/\/hotellesorangers.com\/wp-content\/uploads\/2019\/09\/DSC_2255.resized-768x1150.jpg 768w, https:\/\/hotellesorangers.com\/wp-content\/uploads\/2019\/09\/DSC_2255.resized-1025x1536.jpg 1025w, https:\/\/hotellesorangers.com\/wp-content\/uploads\/2019\/09\/DSC_2255.resized.jpg 1205w\" sizes=\"(max-width: 600px) 100vw, 600px\" \/><div class=\"cz_grid_details\"><i class=\"fa fa-search cz_grid_icon\"><\/i><\/div><\/a><\/div><\/div><div class=\"cz_grid_item \"><div><a class=\"cz_grid_link \" href=\"https:\/\/hotellesorangers.com\/wp-content\/uploads\/2019\/09\/DSC_2256.resized.jpg\" data-xtra-lightbox><img decoding=\"async\" width=\"600\" height=\"899\" src=\"https:\/\/hotellesorangers.com\/wp-content\/uploads\/2019\/09\/DSC_2256.resized-600x899.jpg\" class=\"attachment-codevz_600_9999\" alt=\"\" title=\"DSC_2256.resized\" srcset=\"https:\/\/hotellesorangers.com\/wp-content\/uploads\/2019\/09\/DSC_2256.resized-600x899.jpg 600w, https:\/\/hotellesorangers.com\/wp-content\/uploads\/2019\/09\/DSC_2256.resized-200x300.jpg 200w, https:\/\/hotellesorangers.com\/wp-content\/uploads\/2019\/09\/DSC_2256.resized-684x1024.jpg 684w, https:\/\/hotellesorangers.com\/wp-content\/uploads\/2019\/09\/DSC_2256.resized-768x1150.jpg 768w, https:\/\/hotellesorangers.com\/wp-content\/uploads\/2019\/09\/DSC_2256.resized-1025x1536.jpg 1025w, https:\/\/hotellesorangers.com\/wp-content\/uploads\/2019\/09\/DSC_2256.resized.jpg 1205w\" sizes=\"(max-width: 600px) 100vw, 600px\" \/><div class=\"cz_grid_details\"><i class=\"fa fa-search cz_grid_icon\"><\/i><\/div><\/a><\/div><\/div><div class=\"cz_grid_item \"><div><a class=\"cz_grid_link \" href=\"https:\/\/hotellesorangers.com\/wp-content\/uploads\/2019\/09\/DSC_2259.resized.jpg\" data-xtra-lightbox><img decoding=\"async\" width=\"600\" height=\"899\" src=\"https:\/\/hotellesorangers.com\/wp-content\/uploads\/2019\/09\/DSC_2259.resized-600x899.jpg\" class=\"attachment-codevz_600_9999\" alt=\"\" title=\"DSC_2259.resized\" srcset=\"https:\/\/hotellesorangers.com\/wp-content\/uploads\/2019\/09\/DSC_2259.resized-600x899.jpg 600w, https:\/\/hotellesorangers.com\/wp-content\/uploads\/2019\/09\/DSC_2259.resized-200x300.jpg 200w, https:\/\/hotellesorangers.com\/wp-content\/uploads\/2019\/09\/DSC_2259.resized-684x1024.jpg 684w, https:\/\/hotellesorangers.com\/wp-content\/uploads\/2019\/09\/DSC_2259.resized-768x1150.jpg 768w, https:\/\/hotellesorangers.com\/wp-content\/uploads\/2019\/09\/DSC_2259.resized-1025x1536.jpg 1025w, https:\/\/hotellesorangers.com\/wp-content\/uploads\/2019\/09\/DSC_2259.resized.jpg 1205w\" sizes=\"(max-width: 600px) 100vw, 600px\" \/><div class=\"cz_grid_details\"><i class=\"fa fa-search cz_grid_icon\"><\/i><\/div><\/a><\/div><\/div><div class=\"cz_grid_item \"><div><a class=\"cz_grid_link \" href=\"https:\/\/hotellesorangers.com\/wp-content\/uploads\/2019\/09\/DSC_2268.resized.jpg\" data-xtra-lightbox><img decoding=\"async\" width=\"600\" height=\"899\" src=\"https:\/\/hotellesorangers.com\/wp-content\/uploads\/2019\/09\/DSC_2268.resized-600x899.jpg\" class=\"attachment-codevz_600_9999\" alt=\"\" title=\"DSC_2268.resized\" srcset=\"https:\/\/hotellesorangers.com\/wp-content\/uploads\/2019\/09\/DSC_2268.resized-600x899.jpg 600w, https:\/\/hotellesorangers.com\/wp-content\/uploads\/2019\/09\/DSC_2268.resized-200x300.jpg 200w, https:\/\/hotellesorangers.com\/wp-content\/uploads\/2019\/09\/DSC_2268.resized-684x1024.jpg 684w, https:\/\/hotellesorangers.com\/wp-content\/uploads\/2019\/09\/DSC_2268.resized-768x1150.jpg 768w, https:\/\/hotellesorangers.com\/wp-content\/uploads\/2019\/09\/DSC_2268.resized-1025x1536.jpg 1025w, https:\/\/hotellesorangers.com\/wp-content\/uploads\/2019\/09\/DSC_2268.resized.jpg 1205w\" sizes=\"(max-width: 600px) 100vw, 600px\" \/><div class=\"cz_grid_details\"><i class=\"fa fa-search cz_grid_icon\"><\/i><\/div><\/a><\/div><\/div><div class=\"cz_grid_item \"><div><a class=\"cz_grid_link \" href=\"https:\/\/hotellesorangers.com\/wp-content\/uploads\/2019\/09\/DSC_2270.resized.jpg\" data-xtra-lightbox><img decoding=\"async\" width=\"600\" height=\"401\" src=\"https:\/\/hotellesorangers.com\/wp-content\/uploads\/2019\/09\/DSC_2270.resized-600x401.jpg\" class=\"attachment-codevz_600_9999\" alt=\"\" title=\"DSC_2270.resized\" srcset=\"https:\/\/hotellesorangers.com\/wp-content\/uploads\/2019\/09\/DSC_2270.resized-600x401.jpg 600w, https:\/\/hotellesorangers.com\/wp-content\/uploads\/2019\/09\/DSC_2270.resized-300x200.jpg 300w, https:\/\/hotellesorangers.com\/wp-content\/uploads\/2019\/09\/DSC_2270.resized-1024x684.jpg 1024w, https:\/\/hotellesorangers.com\/wp-content\/uploads\/2019\/09\/DSC_2270.resized-768x513.jpg 768w, https:\/\/hotellesorangers.com\/wp-content\/uploads\/2019\/09\/DSC_2270.resized-1536x1025.jpg 1536w, https:\/\/hotellesorangers.com\/wp-content\/uploads\/2019\/09\/DSC_2270.resized.jpg 1805w\" sizes=\"(max-width: 600px) 100vw, 600px\" \/><div class=\"cz_grid_details\"><i class=\"fa fa-search cz_grid_icon\"><\/i><\/div><\/a><\/div><\/div><div class=\"cz_grid_item \"><div><a class=\"cz_grid_link \" href=\"https:\/\/hotellesorangers.com\/wp-content\/uploads\/2019\/09\/DSC_2296.resized.jpg\" data-xtra-lightbox><img decoding=\"async\" width=\"600\" height=\"389\" src=\"https:\/\/hotellesorangers.com\/wp-content\/uploads\/2019\/09\/DSC_2296.resized-600x389.jpg\" class=\"attachment-codevz_600_9999\" alt=\"\" title=\"DSC_2296.resized\" srcset=\"https:\/\/hotellesorangers.com\/wp-content\/uploads\/2019\/09\/DSC_2296.resized-600x389.jpg 600w, https:\/\/hotellesorangers.com\/wp-content\/uploads\/2019\/09\/DSC_2296.resized-300x194.jpg 300w, https:\/\/hotellesorangers.com\/wp-content\/uploads\/2019\/09\/DSC_2296.resized-1024x663.jpg 1024w, https:\/\/hotellesorangers.com\/wp-content\/uploads\/2019\/09\/DSC_2296.resized-768x497.jpg 768w, https:\/\/hotellesorangers.com\/wp-content\/uploads\/2019\/09\/DSC_2296.resized-1536x995.jpg 1536w, https:\/\/hotellesorangers.com\/wp-content\/uploads\/2019\/09\/DSC_2296.resized.jpg 1805w\" sizes=\"(max-width: 600px) 100vw, 600px\" \/><div class=\"cz_grid_details\"><i class=\"fa fa-search cz_grid_icon\"><\/i><\/div><\/a><\/div><\/div><\/div><\/div>[\/vc_column][\/vc_row]<\/p>\n<\/div>","protected":false},"excerpt":{"rendered":"<p>[vc_row][vc_column][\/vc_column][\/vc_row][vc_row][vc_column width=\u00a0\u00bb1\/6&Prime;][\/vc_column][vc_column width=\u00a0\u00bb4\/6&Prime;][vc_column_text]Nos chefs vous attendent avec impatience pour une reprise &#8230; <\/p>\n","protected":false},"author":1,"featured_media":0,"parent":0,"menu_order":0,"comment_status":"closed","ping_status":"closed","template":"","meta":{"footnotes":""},"class_list":["post-1316","page","type-page","status-publish","hentry"],"_links":{"self":[{"href":"https:\/\/hotellesorangers.com\/index.php?rest_route=\/wp\/v2\/pages\/1316","targetHints":{"allow":["GET"]}}],"collection":[{"href":"https:\/\/hotellesorangers.com\/index.php?rest_route=\/wp\/v2\/pages"}],"about":[{"href":"https:\/\/hotellesorangers.com\/index.php?rest_route=\/wp\/v2\/types\/page"}],"author":[{"embeddable":true,"href":"https:\/\/hotellesorangers.com\/index.php?rest_route=\/wp\/v2\/users\/1"}],"replies":[{"embeddable":true,"href":"https:\/\/hotellesorangers.com\/index.php?rest_route=%2Fwp%2Fv2%2Fcomments&post=1316"}],"version-history":[{"count":0,"href":"https:\/\/hotellesorangers.com\/index.php?rest_route=\/wp\/v2\/pages\/1316\/revisions"}],"wp:attachment":[{"href":"https:\/\/hotellesorangers.com\/index.php?rest_route=%2Fwp%2Fv2%2Fmedia&parent=1316"}],"curies":[{"name":"wp","href":"https:\/\/api.w.org\/{rel}","templated":true}]}}