{"id":1240,"date":"2019-07-21T14:36:57","date_gmt":"2019-07-21T13:36:57","guid":{"rendered":"http:\/\/carthage-tech.net\/demo\/orangers\/?page_id=1240"},"modified":"2019-07-21T14:36:57","modified_gmt":"2019-07-21T13:36:57","slug":"a-propos","status":"publish","type":"page","link":"https:\/\/hotellesorangers.com\/?page_id=1240","title":{"rendered":"A Propos"},"content":{"rendered":"<div class=\"wpb-content-wrapper\"><p>[vc_row][vc_column css=\u00a0\u00bb.vc_custom_1514624789995{padding-right: 50px !important;}\u00a0\u00bb offset=\u00a0\u00bbvc_col-lg-6&Prime;]<div class=\"cz_gap clr  hide_on_tablet hide_on_mobile\" style=\"height: 60px\"><\/div><div class=\"cz_gap show_on_tablet clr  show_only_tablet\" style=\"height: 40px\"><\/div><div class=\"cz_gap show_on_mobile clr\" style=\"height: 30px\"><\/div><div id=\"cz_40706\" class=\"cz_40706 cz_title clr cz_smart_fs cz_title_pos_inline tac\"><div class=\"cz_title_shape shape_text cz_shape_1\">A PROPOS<\/div><div class=\"cz_title_content\"><div class=\"cz_wpe_content\"><p style=\"text-align: center\"><span style=\"font-family: Montserrat;font-size: 36px;color: #666666;font-weight: 300\"><span style=\"color: #ff6600\">H\u00d4TEL LES ORANGERS<\/span> <\/span><\/p>\n<\/div><\/div><\/div>[vc_column_text]<\/p>\n<div class=\"wpb_text_column wpb_content_element \">\n<div class=\"wpb_wrapper\">\n<h3>H\u00f4tel Les Orangers : La meilleure offre pour votre s\u00e9jour \u00e0 Chlef.<\/h3>\n<p>Il dispose d&rsquo;une situation id\u00e9ale pour un s\u00e9jour d&rsquo;affaires ou de d\u00e9couverte de Chlef. Tout en \u00e9tant v\u00e9ritablement au centre du centre-ville, l\u2019h\u00f4tel b\u00e9n\u00e9ficie d&rsquo;un acc\u00e8s facile aux centres d&rsquo;affaires et administratifs du centre ville, et est \u00e0 proximit\u00e9 imm\u00e9diate de la Gare centrale de Chlef, et \u00e0 seulement 15 minutes de l&rsquo;a\u00e9roport.<br \/>\nL\u2019<strong>H\u00f4tel Les Orangers<\/strong> est construit sur neuf \u00e9tages, dont six sont r\u00e9serv\u00e9s pour les chambres et les suites. L\u2019h\u00f4tel dispose \u00e9galement d\u2019un centre fitness ainsi qu\u2019un parking priv\u00e9 gratuit et s\u00e9curis\u00e9.\n<\/div>\n<\/div>\n<p>[\/vc_column_text][\/vc_column][vc_column offset=\u00a0\u00bbvc_col-lg-6&Prime;]<div class=\"cz_gap clr \" style=\"height: 100px\"><\/div><div id=\"cz_67237\" class=\"cz_67237 cz_image clr cz_image_no_fx\"><div class=\"cz_svg_bg\" ><div class=\"cz_image_in\"><div class=\"cz_main_image\"><img decoding=\"async\" width=\"1920\" height=\"1282\" src=\"https:\/\/hotellesorangers.com\/wp-content\/uploads\/2019\/09\/reception.jpg\" class=\"attachment-full\" alt=\"\" title=\"reception\" srcset=\"https:\/\/hotellesorangers.com\/wp-content\/uploads\/2019\/09\/reception.jpg 1920w, https:\/\/hotellesorangers.com\/wp-content\/uploads\/2019\/09\/reception-300x200.jpg 300w, https:\/\/hotellesorangers.com\/wp-content\/uploads\/2019\/09\/reception-1024x684.jpg 1024w, https:\/\/hotellesorangers.com\/wp-content\/uploads\/2019\/09\/reception-768x513.jpg 768w, https:\/\/hotellesorangers.com\/wp-content\/uploads\/2019\/09\/reception-1536x1026.jpg 1536w, https:\/\/hotellesorangers.com\/wp-content\/uploads\/2019\/09\/reception-600x401.jpg 600w\" sizes=\"(max-width: 1920px) 100vw, 1920px\" \/><\/div><\/div><\/div><\/div>[\/vc_column][\/vc_row][vc_row][vc_column]<div class=\"cz_gap clr  hide_on_tablet hide_on_mobile\" style=\"height: 150px\"><\/div><div class=\"cz_gap show_on_tablet clr \" style=\"height: 100px\"><\/div>[\/vc_column][\/vc_row][vc_row full_width=\u00a0\u00bbstretch_row\u00a0\u00bb parallax=\u00a0\u00bbcontent-moving\u00a0\u00bb parallax_image=\u00a0\u00bb1375&Prime; css=\u00a0\u00bb.vc_custom_1632746155283{padding-top: 140px !important;padding-bottom: 100px !important;}\u00a0\u00bb][vc_column offset=\u00a0\u00bbvc_col-lg-6&Prime;][vc_empty_space height=\u00a0\u00bb50px\u00a0\u00bb][vc_video link=\u00a0\u00bbhttps:\/\/youtu.be\/7IcC76JJJrA\u00a0\u00bb][\/vc_column][vc_column css=\u00a0\u00bb.vc_custom_1514624824508{padding-left: 50px !important;}\u00a0\u00bb offset=\u00a0\u00bbvc_col-lg-6&Prime;]<div id=\"cz_77899\" class=\"cz_77899 cz_title clr cz_smart_fs cz_title_pos_inline\"><div class=\"cz_title_content\"><div class=\"cz_wpe_content\"><h2><span style=\"font-size: 46px\"><span style=\"color: #729900\">L\u2019H\u00f4tel<\/span> <span style=\"color: #cc8e5b\"><span style=\"color: #ff6600\">en br\u00e8ve<\/span><br \/>\n<\/span><\/span><\/h2>\n<\/div><\/div><\/div>[vc_column_text]<\/p>\n<p style=\"font-size: 18px;color: #fff\">Les Orangers situ\u00e9 au plein centre des affaires de la ville de Chlef, gr\u00e2ce \u00e0 son emplacement id\u00e9al \u00e0 seulement 10 minutes de l\u2019a\u00e9roport de Aboubakr Belkaid et \u00e0 5mn \u00e0 pied du centre-ville de Chlef avec un acc\u00e8s facile \u00e0 de nombreux commerces et sites culturels. Notre h\u00f4tel vous offre la d\u00e9tente et le confort dans ces chambres spacieuses et modernes, des cocktails et boissons sans alcool \u00e0 notre terrasse du coffee Lounge \u00ab ORLEANS\u00bb, des buffets copieux et des menus \u00e0 la carte \u00e0 notre restaurant \u00ab CASA NOVA \u00bb<br \/>\nNotre \u00e9tablissement comporte \u00e9galement une grande salle de r\u00e9union aussi pour l\u2019organisation de vos s\u00e9minaires et vos \u00e9v\u00e9nements sp\u00e9ciaux.<\/p>\n<p>[\/vc_column_text][\/vc_column][\/vc_row][vc_row][vc_column]<div class=\"cz_gap clr  hide_on_tablet hide_on_mobile\" style=\"height: 140px\"><\/div><div class=\"cz_gap show_on_tablet clr \" style=\"height: 100px\"><\/div>[\/vc_column][\/vc_row][vc_row][vc_column]<div id=\"cz_98060\" class=\"cz_98060 cz_title clr cz_smart_fs cz_title_pos_inline\"><div class=\"cz_title_shape shape_text cz_shape_1\">SERVICES<\/div><div class=\"cz_title_content\"><div class=\"cz_wpe_content\"><h3>Nos <span style=\"color: #ff6600\">Services<\/span><\/h3>\n<\/div><\/div><\/div><div class=\"cz_gap clr  hide_on_tablet hide_on_mobile\" style=\"height: 50px\"><\/div><div class=\"cz_gap show_on_tablet clr \" style=\"height: 70px\"><\/div>[vc_row_inner][vc_column_inner width=\u00a0\u00bb1\/4&Prime;]<ul id=\"cz_89407\" class=\"cz_89407 cz_stylish_list clr cz_sl_icon_hover_zoom_in\"><li class=\"clr\"><div class=\"cz_sl_icon\"><i class=\"fa fa-bed mr10\"><\/i><\/div><div><span>97 Chambres<\/span><\/div><\/li><li class=\"clr\"><div class=\"cz_sl_icon\"><i class=\"fa fa-wifi mr10\"><\/i><\/div><div><span>WiFi gratuit<\/span><\/div><\/li><li class=\"clr\"><div class=\"cz_sl_icon\"><i class=\"fa fa-tv mr10\"><\/i><\/div><div><span>T\u00e9l\u00e9 Satellite<\/span><\/div><\/li><li class=\"clr\"><div class=\"cz_sl_icon\"><i class=\"fa fa-bell mr10\"><\/i><\/div><div><span>Service de chambre 24\/24<\/span><\/div><\/li><\/ul>[\/vc_column_inner][vc_column_inner width=\u00a0\u00bb1\/4&Prime;]<ul id=\"cz_59466\" class=\"cz_59466 cz_stylish_list clr cz_sl_icon_hover_zoom_in\"><li class=\"clr\"><div class=\"cz_sl_icon\"><i class=\"fa czico-020-shopping-basket-1 mr10\"><\/i><\/div><div><span>Blanchisserie<\/span><\/div><\/li><li class=\"clr\"><div class=\"cz_sl_icon\"><i class=\"fa fa-cutlery mr10\"><\/i><\/div><div><span>2 restaurants<\/span><\/div><\/li><li class=\"clr\"><div class=\"cz_sl_icon\"><i class=\"fa fa-coffee mr10\"><\/i><\/div><div><span>Caf\u00e9t\u00e9ria et Salon de th\u00e9<\/span><\/div><\/li><li class=\"clr\"><div class=\"cz_sl_icon\"><i class=\"fa fa-child mr10\"><\/i><\/div><div><span>Club Fitness<\/span><\/div><\/li><\/ul>[\/vc_column_inner][vc_column_inner width=\u00a0\u00bb1\/4&Prime;]<ul id=\"cz_80739\" class=\"cz_80739 cz_stylish_list clr cz_sl_icon_hover_zoom_in\"><li class=\"clr\"><div class=\"cz_sl_icon\"><i class=\"fa fa-birthday-cake mr10\"><\/i><\/div><div><span>Salle de f\u00eates<\/span><\/div><\/li><li class=\"clr\"><div class=\"cz_sl_icon\"><i class=\"fa fa-car mr10\"><\/i><\/div><div><span>Parking Gratuit et s\u00e9curis\u00e9<\/span><\/div><\/li><li class=\"clr\"><div class=\"cz_sl_icon\"><i class=\"fa fa-suitcase mr10\"><\/i><\/div><div><span>Bagagerie<\/span><\/div><\/li><li class=\"clr\"><div class=\"cz_sl_icon\"><i class=\"fa fa-taxi mr10\"><\/i><\/div><div><span>Voiturier<\/span><\/div><\/li><\/ul>[\/vc_column_inner][vc_column_inner width=\u00a0\u00bb1\/4&Prime;]<ul id=\"cz_50040\" class=\"cz_50040 cz_stylish_list clr cz_sl_icon_hover_zoom_in\"><li class=\"clr\"><div class=\"cz_sl_icon\"><i class=\"fa czico-082-shop mr10\"><\/i><\/div><div><span>Caf\u00e9t\u00e9ria terrasse<\/span><\/div><\/li><li class=\"clr\"><div class=\"cz_sl_icon\"><i class=\"fa fa-slideshare mr10\"><\/i><\/div><div><span>Salles de commissions<\/span><\/div><\/li><li class=\"clr\"><div class=\"cz_sl_icon\"><i class=\"fa czico-097-user-3 mr10\"><\/i><\/div><div><span>Salon VIP<\/span><\/div><\/li><li class=\"clr\"><div class=\"cz_sl_icon\"><i class=\"fa czico-055-conversation mr10\"><\/i><\/div><div><span>Salle des conf\u00e9rences<\/span><\/div><\/li><\/ul>[\/vc_column_inner][\/vc_row_inner][\/vc_column][\/vc_row]<\/p>\n<\/div>","protected":false},"excerpt":{"rendered":"<p>[vc_row][vc_column css=\u00a0\u00bb.vc_custom_1514624789995{padding-right: 50px !important;}\u00a0\u00bb offset=\u00a0\u00bbvc_col-lg-6&Prime;][vc_column_text] H\u00f4tel Les Orangers : La meilleure &#8230; <\/p>\n","protected":false},"author":1,"featured_media":0,"parent":0,"menu_order":0,"comment_status":"closed","ping_status":"closed","template":"","meta":{"footnotes":""},"class_list":["post-1240","page","type-page","status-publish","hentry"],"_links":{"self":[{"href":"https:\/\/hotellesorangers.com\/index.php?rest_route=\/wp\/v2\/pages\/1240","targetHints":{"allow":["GET"]}}],"collection":[{"href":"https:\/\/hotellesorangers.com\/index.php?rest_route=\/wp\/v2\/pages"}],"about":[{"href":"https:\/\/hotellesorangers.com\/index.php?rest_route=\/wp\/v2\/types\/page"}],"author":[{"embeddable":true,"href":"https:\/\/hotellesorangers.com\/index.php?rest_route=\/wp\/v2\/users\/1"}],"replies":[{"embeddable":true,"href":"https:\/\/hotellesorangers.com\/index.php?rest_route=%2Fwp%2Fv2%2Fcomments&post=1240"}],"version-history":[{"count":0,"href":"https:\/\/hotellesorangers.com\/index.php?rest_route=\/wp\/v2\/pages\/1240\/revisions"}],"wp:attachment":[{"href":"https:\/\/hotellesorangers.com\/index.php?rest_route=%2Fwp%2Fv2%2Fmedia&parent=1240"}],"curies":[{"name":"wp","href":"https:\/\/api.w.org\/{rel}","templated":true}]}}